ist the prime factors of (-12)/a - (-4)/6.
2
Suppose 17 + 75 = 4*m + l, 86 = 3*m + 5*l. Suppose 3*n + m = -2*o + 4*o, 4*o - 5*n - 40 = 0. List the prime factors of o.
5
What are the prime factors of -410*((-1)/2 + 0)?
5, 41
Let h(n) = -n**2 - 3*n. Let x be h(-3). Suppose -3*q - 7 = -5*l, 4*l - 4*q = 4 - x. What are the prime factors of 11 + 1 + (-1 - l)?
3
What are the prime factors of 522/14 + 6/(-21)?
37
Suppose -8*h + 8 = -4*h. Suppose -h*d + 73 = 29. List the prime factors of d.
2, 11
Let w(f) = f**3 - 9*f**2 + 6*f - 9. Let x(i) = -3*i. Let n be x(-3). What are the prime factors of w(n)?
3, 5
Suppose 4*n + n = 210. What are the prime factors of n?
2, 3, 7
Let m(b) = 9*b**2 - 7. Let f(v) = -5*v**2 + 3. Suppose -3*d + q = 32, -2*q + 3*q = 5*d + 50. Let c(a) = d*f(a) - 4*m(a). What are the prime factors of c(-1)?
2, 5
Let c be (4/(-1))/(5 + -4). Let q = c - -5. List the prime factors of 16*q/(-3)*-3.
2
Suppose z = -0*z + 3. Suppose 0 = z*x - 58 - 65. List the prime factors of x.
41
Let r(s) = s**2 + 5*s - 6. Let v be r(-5). Let t(l) be the third derivative of -l**4/24 - l**3/6 + 3*l**2. List the prime factors of t(v).
5
Suppose -4*p + 0*p = 0. Suppose 2*k - k - 25 = p. Suppose -h + 19 = 2*h - 4*a, 0 = -4*h + 5*a + k. What are the prime factors of h?
5
Suppose 0 = -4*l + 10 + 14. Suppose 0 = 2*b + c - 10, 3*b + 6*c - 21 = 3*c. Let j = l - b. List the prime factors of j.
3
Let t = -50 + 90. List the prime factors of t.
2, 5
Let n(x) = 3*x**2 + 8*x - 7. Let l be n(-4). Let i(w) = -w**2 - w. Let g(o) = -o**2 - 12*o - 6. Let h(d) = -g(d) + 2*i(d). What are the prime factors of h(l)?
3, 5
Suppose o - b - 9 = 0, 3*b = -2*o + 1 + 22. Suppose -4*n = o - 66. What are the prime factors of n?
2, 7
Let l(g) = g**3 + 3*g**2 - 3. Let h be 32/12*6/(-4). Let c be l(h). Let p = 29 + c. What are the prime factors of p?
2, 5
What are the prime factors of 1 - (-114)/(-9)*18/(-3)?
7, 11
Let c = -6 - -11. Suppose c*n = 5*a + 85, -5*a + 11 = -4*n + 5*n. List the prime factors of n.
2
Suppose -3*v = -4*h + h - 165, 2*v = -h + 95. What are the prime factors of v?
2, 5
Let i = 28 + 70. What are the prime factors of i?
2, 7
Let f = -1 - -4. Let h be (f - 22)*(0 + -1). Let c = h - 6. What are the prime factors of c?
13
Suppose -904 = -5*m - 69. What are the prime factors of m?
167
Suppose 5*r = -p - 0*p + 46, 2*r - 16 = -p. Let x = -5 + r. Suppose 0 = -2*n - 4*c + 10, -n - x*c + c + 7 = 0. What are the prime factors of n?
3
Let m be 2 + -1 - 0 - -2. Suppose -c = 5*j - 25 - 22, -j + 3*c = -m. What are the prime factors of j?
3
Let p be (1/2)/(1/2). Suppose -4*j + 5 = 1. Suppose t - v + p = 0, j = -4*t + 5*v - 8. What are the prime factors of t?
2
Let h(y) = -y**3 - 2*y**2 + 4*y - 5. Let r be h(-4). Let m = r + 5. List the prime factors of m.
2
Suppose 1 = l - 2. Suppose 5*a - 3*b + 9 + 21 = 0, 4*a + 24 = -2*b. Let h = l - a. What are the prime factors of h?
3
Let i = 11 + -6. Suppose i*t + 2 = -23. Let f(z) = -z**3 - 4*z**2 + 4*z + 7. What are the prime factors of f(t)?
2, 3
Suppose 2*o = -k + 1, -2*k + 16 + 0 = -3*o. Suppose k*t + y = 30, -2*y - 12 = -2*t - 3*y. List the prime factors of t.
2, 3
Let z(v) = -v**3 + 13*v**2 + 2*v - 11. Let l be (-11 - -9)*(-13)/2. List the prime factors of z(l).
3, 5
Let j = 33 + -14. Let h = j + -5. What are the prime factors of h?
2, 7
Suppose 102 + 42 = 4*j. What are the prime factors of j?
2, 3
Suppose -3*r + 21 = 2*l - 0*l, 5*r = -l + 35. Suppose 3*p - 8 = r. List the prime factors of p.
5
Let p(x) = -x**3 - 5*x**2 - 3*x. Let k be p(-4). Let h(b) = -b**3 - 5*b**2 - 10*b - 4. What are the prime factors of h(k)?
2, 5
Let w(t) = -15*t**2 - 2*t + 1. Let v be w(-2). What are the prime factors of (-299)/(-11) + 10/v?
3
Suppose 2*h = q + 181, h - 367 = -3*h + 3*q. List the prime factors of h.
2, 11
Let f be -1 - (-6)/(-9)*-6. Suppose -f*s = -5*u - 74, -2*s + u = -48 + 8. List the prime factors of s.
2, 3
Suppose -5*c - 4*o = -396, 0 = -0*c + 5*c + o - 399. Suppose -70 = -3*b + c. List the prime factors of b.
2, 5
Let w(l) = -l**2 - 18*l - 25. List the prime factors of w(-15).
2, 5
Let v = 6 + -3. Suppose -v*c - 6 = -48. List the prime factors of c.
2, 7
Let s be 0 + 0 - (-100)/(-5). Let r = 36 + s. List the prime factors of r.
2
Let q be (-2 - -2 - -1)*2. Let y = 14 - q. What are the prime factors of y?
2, 3
Let i(x) = x**2 - 6*x + 7. Let c be i(5). Suppose c*d - h - 14 = -3*h, d = h + 1. List the prime factors of (26/8)/(1/d).
13
Let w = -28 + 50. List the prime factors of w.
2, 11
Suppose 3*j - 3 = 2*j. Suppose 24 = q - 3*a - 9, -j*q + 5*a = -99. What are the prime factors of q?
3, 11
Let x be (-3)/(-2) - 1/(-2). Let i(o) be the third derivative of o**5/60 + o**4/24 + 2*o**2. List the prime factors of i(x).
2, 3
List the prime factors of (-9 + 7)/((-2)/13).
13
Let k = -4 + 7. Suppose b - 19 = -5*n, 0 = -k*b - n + 9 + 48. What are the prime factors of b?
19
Let g be -8*(5 - (2 - -1)). Let m be (-2*(1 + 12))/(-1). Let d = g + m. What are the prime factors of d?
2, 5
Let b = 31 + -18. Suppose b = 4*w - 115. List the prime factors of w.
2
Let i = -20 - -28. List the prime factors of i.
2
List the prime factors of (10/12)/(3/90).
5
Suppose 2*y - 33 - 29 = 0. Suppose -3*c - f + y = -0*f, -2*f + 35 = 3*c. What are the prime factors of c?
3
Let p(u) = 2*u - 15. Let j be p(10). Let w(t) = t**2 - 6*t + 5. Let f be w(j). Suppose 2*y + f*y - 20 = 0. List the prime factors of y.
2, 5
Let v(k) = 5*k**2 - 2*k + 1. Let p be v(1). Let c(q) = -q**3 + 3*q**2 + 4*q + 4. List the prime factors of c(p).
2
Let s(b) = -b**2 - 7*b - 4. Let c be s(-6). Suppose 3*l - 11 = c*l. What are the prime factors of l?
11
Let p(w) = -w**2 - w + 9. Let n be p(0). Suppose 3*y - 2*a = n, 3*y + y + 4*a = 12. Suppose v = -b - y*v - 2, b + 2*v = 0. List the prime factors of b.
2
Let w = 119 + -56. What are the prime factors of w?
3, 7
Suppose 2*l = 5*l - 252. What are the prime factors of l?
2, 3, 7
Suppose 2*p = 5*z + 6 - 53, -2*p - 20 = -2*z. List the prime factors of z.
3
Suppose -3*b - 2*u = -7, -2*b + 8 = -0*u - 2*u. List the prime factors of b.
3
Let s be 10/3*(-6)/(-4). Suppose 3*k + s = -10. Let b = 8 + k. What are the prime factors of b?
3
Let a(u) = -u**3 + 17*u**2 + 20*u + 22. What are the prime factors of a(18)?
2, 29
Suppose 0 = 3*p - 14 - 310. List the prime factors of p.
2, 3
Let d = -20 + -50. Let a be 3/(3 + d/24). Suppose 0 = p + 2*p + 3*i - a, 3*i = 3*p - 18. What are the prime factors of p?
3
Suppose 0 = 4*y - 16. List the prime factors of (-5 - 1)/((-3)/y).
2
Let t(v) = -v**3 - 5*v**2 + 5*v - 10. What are the prime factors of t(-7)?
53
Suppose 5*z - 4*m = 2*z + 305, 0 = -4*z - 5*m + 386. List the prime factors of z.
3, 11
Suppose 2*p = t - 1, -p - 3*p = 2*t - 34. Suppose 0*l - l = -3. Suppose t = 2*s - l. What are the prime factors of s?
2, 3
Let t(i) = -i**3 + 7*i**2 - 4*i - 7. Let f = 4 - -2. List the prime factors of t(f).
5
Let h(a) = 71*a**3 + a**2 + a - 1. Let r be h(1). Suppose -4*m + r = 4. What are the prime factors of m?
17
Let x(z) = -z**3 + 20*z**2 - 17*z + 26. What are the prime factors of x(19)?
2
Let t = -4 + 9. Suppose 42 = -3*c + t*c. What are the prime factors of c?
3, 7
Suppose 4*f - 101 = 3*q, -3*f = 2*q - 45 - 52. What are the prime factors of f?
29
Let o = 140 + -65. List the prime factors of o.
3, 5
Suppose 0 = -3*s + 5*f + 7 + 53, -2*f = 6. Suppose -3*n - 4*u - 19 = 31, -n - 2*u = 20. List the prime factors of (-126)/n - (-6)/s.
13
Let a(s) = -s**2 + 1. Let b(o) = 3*o**2 - 7*o - 1. Let u(m) = -4*a(m) - b(m). List the prime factors of u(-8).
5
Let z(x) = 3*x**3 - x**2 - 3*x + 3. Suppose -2*k - 4*w - 10 = 3*k, 2*w = -2*k - 6. Suppose -2 = -2*f + k. List the prime factors of z(f).
17
Suppose 0 = 6*g + 14 - 68. What are the prime factors of g?
3
Let y(t) = -t**3 + 13*t**2 + 3*t - 19. Let s be y(13). Suppose 4*v + v - s = 0. What are the prime factors of v?
2
Let j = 2 - 2. Let y = -18 + 26. Suppose j*t = t - y. What are the prime factors of t?
2
Let z(t) = -t**3 + t**2 + t + 265. List the prime factors of z(0).
5, 53
Suppose -f = -5*l + 680, -l - l + 275 = -f. What are the prime factors of l?
3, 5
Suppose 4*f - 2*h - 2*h = 208, -2*h = -2. List the prime factors of f.
53
Let h(c) = -c**3 + 4*c**2 - 2*c + 2. Suppose -2*m + 3 = -m. Let y b